of 33093827.
13, 2545679
What are the prime factors of 2150538?
2, 3, 13, 79, 349
What are the prime factors of 4740795?
3, 5, 35117
List the prime factors of 177139.
307, 577
List the prime factors of 289815.
3, 5, 139
List the prime factors of 8086907.
8086907
List the prime factors of 194188.
2, 43, 1129
What are the prime factors of 17739786?
2, 3, 2956631
What are the prime factors of 115800?
2, 3, 5, 193
What are the prime factors of 25577808?
2, 3, 233, 2287
What are the prime factors of 46067?
7, 6581
List the prime factors of 1830710.
2, 5, 7, 26153
What are the prime factors of 1073193?
3, 11, 17, 1913
What are the prime factors of 503520?
2, 3, 5, 1049
List the prime factors of 124655.
5, 107, 233
List the prime factors of 1905229.
31, 41, 1499
List the prime factors of 15990470.
2, 5, 1599047
What are the prime factors of 1847531?
7, 263933
What are the prime factors of 168353?
168353
List the prime factors of 3327297.
3, 43, 25793
What are the prime factors of 13500448?
2, 13, 17, 23, 83
List the prime factors of 24998.
2, 29, 431
What are the prime factors of 2687419?
7, 383917
What are the prime factors of 5983062?
2, 3, 19, 31, 1693
What are the prime factors of 791180?
2, 5, 13, 17, 179
List the prime factors of 34618.
2, 19, 911
List the prime factors of 9240509.
9240509
List the prime factors of 926645.
5, 241, 769
List the prime factors of 250119.
3, 27791
List the prime factors of 32466.
2, 3, 7, 773
What are the prime factors of 308607?
3, 13, 41, 193
List the prime factors of 3719740.
2, 5, 185987
List the prime factors of 1169478.
2, 3, 7219
What are the prime factors of 390174?
2, 3, 65029
What are the prime factors of 1706894?
2, 7, 121921
What are the prime factors of 1473373?
11, 17, 7879
What are the prime factors of 1535689?
1535689
List the prime factors of 1964319.
3, 7, 89, 1051
List the prime factors of 7231350.
2, 3, 5, 7, 71, 97
What are the prime factors of 6264330?
2, 3, 5, 17, 71, 173
What are the prime factors of 101997?
3, 7, 1619
List the prime factors of 974972.
2, 71, 3433
What are the prime factors of 3582254?
2, 13, 29, 4751
List the prime factors of 1459996.
2, 383, 953
What are the prime factors of 852417?
3, 131, 241
List the prime factors of 1049837.
1049837
What are the prime factors of 9889626?
2, 3, 379, 4349
List the prime factors of 2482843.
11, 131, 1723
What are the prime factors of 19053989?
19053989
List the prime factors of 141258.
2, 3, 13, 1811
What are the prime factors of 447359?
11, 67, 607
What are the prime factors of 6774994?
2, 43, 78779
What are the prime factors of 1656351?
3, 184039
What are the prime factors of 3025306?
2, 421, 3593
What are the prime factors of 6450677?
83, 77719
List the prime factors of 2693177.
2693177
List the prime factors of 2932266.
2, 3, 488711
What are the prime factors of 331794?
2, 3, 18433
What are the prime factors of 3733098?
2, 3, 17, 36599
List the prime factors of 346270.
2, 5, 31, 1117
List the prime factors of 842708.
2, 457, 461
What are the prime factors of 10304848?
2, 644053
List the prime factors of 923350.
2, 5, 59, 313
List the prime factors of 771315.
3, 5, 51421
What are the prime factors of 472022?
2, 17, 13883
List the prime factors of 1395660.
2, 3, 5, 7, 3323
List the prime factors of 271323.
3, 13, 773
What are the prime factors of 8249526?
2, 3, 50923
List the prime factors of 215809.
11, 23, 853
List the prime factors of 468258.
2, 3, 7, 11149
List the prime factors of 12694567.
173, 73379
What are the prime factors of 19166380?
2, 5, 958319
List the prime factors of 340778.
2, 170389
List the prime factors of 1787633.
1787633
List the prime factors of 79051.
7, 23, 491
What are the prime factors of 249640?
2, 5, 79
What are the prime factors of 2529108?
2, 3, 163, 431
What are the prime factors of 6004359?
3, 31, 21521
List the prime factors of 875464.
2, 109433
What are the prime factors of 725607?
3, 37, 2179
What are the prime factors of 2083860?
2, 3, 5, 17, 227
What are the prime factors of 1998401?
17, 19, 23, 269
List the prime factors of 566.
2, 283
List the prime factors of 9795550.
2, 5, 409, 479
List the prime factors of 336017.
11, 2777
List the prime factors of 577625.
5, 4621
What are the prime factors of 22040093?
61, 361313
What are the prime factors of 2175862?
2, 13, 53, 1579
List the prime factors of 19909404.
2, 3, 37, 14947
List the prime factors of 46961.
151, 311
What are the prime factors of 20490568?
2, 7, 365903
What are the prime factors of 9135540?
2, 3, 5, 50753
What are the prime factors of 64981?
7, 9283
What are the prime factors of 641928?
2, 3, 7, 3821
What are the prime factors of 1340277?
3, 446759
What are the prime factors of 51546?
2, 3, 11, 71
What are the prime factors of 2079951?
3, 693317
What are the prime factors of 3726621?
3, 17, 23, 353
List the prime factors of 685095.
3, 5, 45673
List the prime factors of 3222977.
31, 103967
List the prime factors of 204267.
3, 7, 71, 137
What are the prime factors of 265168?
2, 16573
What are the prime factors of 734207?
734207
What are the prime factors of 8947155?
3, 5, 7, 37, 47
List the prime factors of 77103.
3, 13, 659
List the prime factors of 480150.
2, 3, 5, 11, 97
List the prime factors of 804245.
5, 13, 12373
List the prime factors of 116014.
2, 19, 43, 71
List the prime factors of 5040863.
757, 6659
What are the prime factors of 22623369?
3, 71, 106213
List the prime factors of 2474318.
2, 7, 11, 16067
List the prime factors of 5353492.
2, 211, 6343
List the prime factors of 94112.
2, 17, 173
List the prime factors of 1145803.
1145803
What are the prime factors of 145092?
2, 3, 107, 113
List the prime factors of 4323238.
2, 887, 2437
List the prime factors of 26358179.
26358179
What are the prime factors of 11563253?
13, 889481
What are the prime factors of 149943?
3, 151, 331
What are the prime factors of 2029335?
3, 5, 7, 11, 251
List the prime factors of 571237.
31, 18427
List the prime factors of 6699215.
5, 1339843
What are the prime factors of 521181?
3, 97, 199
What are the prime factors of 1570319?
1570319
List the prime factors of 7970029.
23, 197, 1759
What are the prime factors of 11019654?
2, 3, 53, 11551
What are the prime factors of 2356165?
5, 7, 59, 163
What are the prime factors of 3131211?
3, 41, 25457
List the prime factors of 39673.
97, 409
List the prime factors of 56075.
5, 2243
List the prime factors of 2399464.
2, 299933
List the prime factors of 7452366.
2, 3, 1242061
What are the prime factors of 1407456?
2, 3, 181
List the prime factors of 3298823.
11, 137, 199
List the prime factors of 1123434.
2, 3, 13, 4801
List the prime factors of 303091.
303091
What are the prime factors of 669954?
2, 3, 111659
What are the prime factors of 3104063?
3104063
What are the prime factors of 145221?
3, 48407
What are the prime factors of 1177250?
2, 5, 17, 277
List the prime factors of 18371426.
2, 137, 67049
What are the prime factors of 901458?
2, 3, 61, 821
List the prime factors of 1490066.
2, 745033
What are the prime factors of 3911979?
3, 863, 1511
What are the prime factors of 6440192?
2, 11, 2287
What are the prime factors of 80589?
3, 26863
What are the prime factors of 1070?
2, 5, 107
List the prime factors of 1280745.
3, 5, 53, 179
List the prime factors of 944690.
2, 5, 17, 5557
List the prime factors of 179797.
19, 9463
What are the prime factors of 9974496?
2, 3, 7, 14843
What are the prime factors of 177212?
2, 7, 6329
What are the prime factors of 659312?
2, 89, 463
List the prime factors of 782582.
2, 391291
What are the prime factors of 5613322?
2, 11, 13, 19, 1033
What are the prime factors of 1368949?
41, 173, 193
What are the prime factors of 1420585?
5, 284117
List the prime factors of 392131.
392131
List the prime factors of 714678.
2, 3, 311, 383
List the prime factors of 7985.
5, 1597
What are the prime factors of 104577?
3, 11, 3169
What are the prime factors of 10060933?
73, 283, 487
What are the prime factors of 6645?
3, 5, 443
List the prime factors of 18158565.
3, 5, 131, 9241
What are the prime factors of 1042526?
2, 383, 1361
List the prime factors of 14825505.
3, 5, 988367
List the prime factors of 2009845.
5, 29, 83, 167
List the prime factors of 254181.
3, 193, 439
List th